
Let h(t) = 3349*t**2 - 6*t - 6. Let k(r) = 1116*r**2 - 2*r - 2. Let q(v) = 4*h(v) - 11*k(v). Let c be q(-2). What are the prime factors of 8/(-14) + c/126?
5, 7
What are the prime factors of 3712 + -21 + 9 + 6?
2, 17, 109
List the prime factors of (0 - (-488)/6)/(2/9).
2, 3, 61
Let q be 21/6*(2 + (-24)/28). Suppose 4*w = q*h - 110 - 142, 2*h - 111 = -3*w. What are the prime factors of h?
2, 3, 5
Suppose -n = 4*n + 1955. Let t = -268 - n. List the prime factors of t.
3, 41
Suppose -3*c + 2*c = 0. Suppose -g - 6*g + 651 = c. List the prime factors of g.
3, 31
List the prime factors of (21 + -3)*21 - 1 - -3.
2, 5, 19
Suppose 1667 = -5*o - 418. Let b = o - -626. What are the prime factors of b?
11, 19
Let v(u) = u**3 + 8*u**2 - 2*u + 16. Let k(q) = -q**2 + q. Let n(m) = -3*k(m) - v(m). What are the prime factors of n(-6)?
2, 13
Suppose l + 5*q = 8*q + 11, -2*q = 4. Let o(n) = 40*n - 4. List the prime factors of o(l).
2, 7
Let n = -6 + 9. Suppose n*u + 354 = 4*b, 113 + 158 = 3*b - 5*u. Suppose 4*j - b = j. List the prime factors of j.
29
Suppose -4*k = -2*c + 10730, 44124 = 5*c + 4*k + 17299. List the prime factors of c.
5, 29, 37
Let q be (-5)/3*1*-3. Let h = -2 + q. Suppose 0 = 4*u - 4*o - 44, 6*u - u - h*o = 61. List the prime factors of u.
2, 7
Let g(c) = 4*c**2 + 3*c - 4. Let t be g(1). Suppose 0 = 2*n + t*f - 74, 4*n + 4*f = 3*n + 27. What are the prime factors of n?
43
Suppose -4*a = -3*g - 4, -5*a + 4 + 1 = -5*g. Suppose i + 4*i + 5*y + 740 = g, 3*i = 5*y - 468. List the prime factors of 16/64 + i/(-4).
2, 19
Let n be (3 - -1)*2/4. Suppose 3*t = c + 9, n*c + 3*c - 5*t = 5. Suppose -c*y + 29 = -5*y. What are the prime factors of y?
29
Let i(b) = -b**3 + 2*b**2 + 2*b + 131. Let s = -94 + 94. What are the prime factors of i(s)?
131
Let q = 13 + -10. Let z(w) = w**2 - w + 2. Let s be z(q). Suppose -2*i - 3*m = -s, 2*m = 5*i + 3*m - 33. What are the prime factors of i?
7
Suppose 0 = -3*p - 3, 3*w + 2*w - 5*p - 215 = 0. Let h = 25 - w. Let l = h - -28. What are the prime factors of l?
11
Suppose 3*w - 2*m = -466 - 254, w + 257 = -5*m. Let z = -97 - w. What are the prime factors of z?
5, 29
Let z(k) = -2*k + 9. Let p be z(8). Let n(x) = -x**3 - 3*x**2 + 15*x - 11. List the prime factors of n(p).
2, 5
Let p be 0/(-1 + 3) + 5. Let v(x) = 6*x - 4*x**3 + 7 - 2*x**2 + 3*x**3 + 7*x**2. List the prime factors of v(p).
37
Let l(i) = i + 14. Let u be l(-11). Suppose 2*a - 2*y = -7*y + 100, u*a - y - 133 = 0. What are the prime factors of a?
3, 5
Suppose -4*r + 48 = -5*q, -2*r = -q - 1 - 23. Let i(h) = h**2 - h. Let t be i(0). Suppose -r*w + 15*w - 24 = t. What are the prime factors of w?
2
Let y be (-4)/(-24) + 105/18. Suppose 0 = 3*x - c - 3*c - y, 4*x + c = 8. List the prime factors of x.
2
Let m(h) = 94*h + 50. What are the prime factors of m(4)?
2, 3, 71
Let j(q) = -q**2 - 5*q. Let b be j(-4). Suppose b*m - 454 = -30. List the prime factors of m.
2, 53
Let a = 14 + -14. Let u be 2 + (a - 0 - 0). Suppose h = u*h - 25. What are the prime factors of h?
5
Let x be (-55)/(-20) + (-1)/(-4). Suppose -x*k = -2*m - 2*m + 111, -4*m = 5*k - 71. Suppose 0 = 3*n - m. List the prime factors of n.
2
Suppose -4*x - q + 589 = 0, 31*q - 29*q = -3*x + 448. What are the prime factors of x?
2, 73
Let n(u) = 2*u - 5. Let h be n(4). Let s = -6 + h. List the prime factors of -2*((-34)/4 - s).
11
Let z(o) = o**3 + 7*o**2 + 4*o - 4. Let a be z(-4). Let s = a + 24. Let g = s + -24. What are the prime factors of g?
2, 7
Let k(y) be the second derivative of 3*y**3 + 8*y - 4*y + 2*y**3 - 6*y**3. What are the prime factors of k(-1)?
2, 3
Suppose 0 = 2*o - r - 577, 0 = o + 4*r - 265 - 10. What are the prime factors of o?
7, 41
Let r be 1*(-1 + -1) - 40. Let m be (-2 - 0)/(14/189). Let s = m - r. List the prime factors of s.
3, 5
Suppose 5 = 5*s - 0. Let u be (-23 + -3)/(s/1). Let f = u + 39. List the prime factors of f.
13
Suppose -3*f + 48 = f. Suppose 2*w + f = w. List the prime factors of -4*5*9/w.
3, 5
Suppose -x + 4*f + 11 = 4*x, 3*f + 9 = 4*x. Suppose x*t - 90 = 5*y, -7*y - 150 = -5*t - 3*y. Suppose -5*u + t = -10. List the prime factors of u.
2
Let n = -12 + 12. Suppose -l = 4*g - 283, -4*g + 0*g - 2*l + 286 = n. List the prime factors of g.
2, 5, 7
Suppose 0 = 2*y - 7*y - 2*s + 5879, 4*y = 3*s + 4694. Suppose 342 - y = -17*j. List the prime factors of j.
7
Let w = 36 + 26. Suppose -12*p = -22 - w. List the prime factors of p.
7
Suppose -k - 7 = 5*l + 5, 0 = 4*l + 12. Suppose 32 + 22 = 2*v. Suppose k*p - v + 0 = 0. What are the prime factors of p?
3
What are the prime factors of (-1)/(-20)*-6 - 13269/(-30)?
2, 13, 17
Let q(v) = -v**2 - 30*v - 84. What are the prime factors of q(-21)?
3, 5, 7
Let v be 1/(-2)*(-54)/9. Suppose -8 = r - v*r. Suppose -q - r*t = -17, 4*t - 1 = 3. List the prime factors of q.
13
Let k(q) be the first derivative of q**4/4 - 3*q**3 - 2*q**2 - 2*q + 2. Suppose -45*o + 60 = -39*o. List the prime factors of k(o).
2, 29
Let k = -93 - -399. List the prime factors of k.
2, 3, 17
Let n(v) = -11*v - 1. Let z(u) = u**2 + 7*u + 5. Let a be z(-6). Let x be n(a). What are the prime factors of (x/(-4) + 4)*4?
2, 3
Let s(c) = -5*c**3. Let a be s(-1). Suppose a*f + y = 396, f - 82 = -0*f - 3*y. What are the prime factors of f?
79
Let y(h) = 7*h**2 + 0*h**3 - 3*h**3 - h + 4*h**3. List the prime factors of y(-5).
5, 11
Let b(n) = 4*n + 5. Let m be b(-4). Suppose d - k - 12 = 0, -5*k = -2*d - d + 28. Let z = d + m. What are the prime factors of z?
5
List the prime factors of (10/35 + 93/(-7))*-215.
5, 13, 43
Suppose -60*k + 45728 = -28*k. List the prime factors of k.
1429
Suppose -d = -5 - 10. Let u = d + -12. Suppose 0 = -v - 4*v + u*q + 155, -4*q = 0. What are the prime factors of v?
31
Let g = 0 + 2. Suppose -c - g*c = -63. Suppose x - c = -0*x. What are the prime factors of x?
3, 7
Let u(a) = -30*a - 3. Let x be u(6). Let s = 312 + x. List the prime factors of s.
3, 43
Let d(o) = 268*o + 12. Let g be d(1). Let s = g + -193. List the prime factors of s.
3, 29
Suppose 2*g + l + 44 = -g, l = -g - 16. Let d be (g - -12)*2*6. Let t = d - -43. List the prime factors of t.
19
List the prime factors of ((-120)/45)/(8/(-2532)).
2, 211
Suppose 4*m = 3*v - 2141, 3*v + v - 5*m - 2854 = 0. List the prime factors of v.
3, 79
Let d = 4 - -17. Let z = d - -2. List the prime factors of z.
23
Let i(u) be the first derivative of -3*u**4/4 + 2*u**3/3 + 9*u**2/2 + 5*u + 33. What are the prime factors of i(-4)?
193
Let v = 3 + -9. List the prime factors of v/(-15) - 2808/(-30).
2, 47
Let l(s) = -s**2 - 9*s + 11. Let i be l(-10). What are the prime factors of 67 - (2/i + -3)?
2, 17
Suppose 3833 = 90*d - 89*d. List the prime factors of d.
3833
Suppose 5*s + 1361 = 3*c, -2*c + 7*c = 2*s + 2300. List the prime factors of c.
2, 3, 7, 11
Let b be (-6)/(-4)*(8 - 26). Let m be 153/b - (-2)/(-6). List the prime factors of (4 + 83/m)*-6.
59
What are the prime factors of 1/(-5 - 3/(-3026)*5044)?
17, 89
Let p(t) = -2*t**2 + 15*t - 5. Suppose 16 = -4*f - 4, 27 = 2*r - 3*f. What are the prime factors of p(r)?
13
What are the prime factors of 54/9 + 3/(-3) - -1247?
2, 313
List the prime factors of ((-198)/4)/((-14)/112).
2, 3, 11
Let j(n) = 5*n**3 - 8*n**2 - 10*n + 7. What are the prime factors of j(9)?
2, 31, 47
Let w be 8/((-24)/9) - 26. Let d = w - -75. List the prime factors of d.
2, 23
Let g = 1009 - -50. List the prime factors of g.
3, 353
Let j = 2051 - 1185. What are the prime factors of j?
2, 433
Suppose 2*w - 36 = -2*w. Suppose -2*s - i - 5 - 1 = 0, -w = 3*s + 4*i. List the prime factors of (0 - s - -8)*1.
11
Let p = 15 + -12. Suppose -p*a + 92 = a + 4*k, -5*k + 73 = 3*a. Let d = a - 3. List the prime factors of d.
2, 3
Suppose 7 = 5*n - 8. Suppose -2*t = -n*u + 153 + 311, 302 = 2*u - 5*t. Suppose -72 - u = -4*p. What are the prime factors of p?
3, 19
Let g(w) = 4*w**3 + w**2 - w + 2. Suppose -2*t + 10 = 3*t. Let s be g(t). Let k = 61 - s. List the prime factors of k.
5
Suppose 23*q - 4893 = 7573. List the prime factors of q.
2, 271
Suppose -43*u + 3*u + 56080 = 0. List the prime factors of u.
2, 701
Suppose 19*q = 20*q. List the prime factors of (q + 29/(-2))*-2.
29
Suppose 2*w - u = -6*u + 21, -4*w = 4*u - 24. Suppose j - w*j - 10 = 0, -j - 1 = d. Let g(x) = 13*x. List the prime facto